0
What is the millions digit of 998240909?
8
What is the hundred thousands digit of 821585435?
5
What is the ten millions digit of 251874696?
5
What is the hundreds digit of 219741042?
0
What is the units digit of 168198554?
4
What is the hundreds digit of 120559895?
8
What is the hundred millions digit of 5957228701?
9
What is the thousands digit of 2502667?
2
What is the hundreds digit of 96522261?
2
What is the ten thousands digit of 390556057?
5
What is the hundreds digit of 11553359?
3
What is the millions digit of 390693097?
0
What is the thousands digit of 24072765?
2
What is the ten thousands digit of 41503175?
0
What is the hundred millions digit of 440915076?
4
What is the billions digit of 3237225302?
3
What is the hundred thousands digit of 15633246?
6
What is the thousands digit of 570477762?
7
What is the ten millions digit of 725104931?
2
What is the hundreds digit of 4324706362?
3
What is the thousands digit of 838662785?
2
What is the thousands digit of 7323761?
3
What is the ten millions digit of 808229916?
0
What is the hundred millions digit of 439453770?
4
What is the millions digit of 422418019?
2
What is the millions digit of 79434660?
9
What is the thousands digit of 46732442?
2
What is the millions digit of 3252561804?
2
What is the ten millions digit of 305865380?
0
What is the ten thousands digit of 126278422?
7
What is the ten thousands digit of 2150621?
5
What is the units digit of 80937615?
5
What is the billions digit of 2697422963?
2
What is the hundred millions digit of 106255522?
1
What is the units digit of 147733529?
9
What is the hundred thousands digit of 139573703?
5
What is the hundred millions digit of 277225999?
2
What is the units digit of 16830631?
1
What is the thousands digit of 155371704?
1
What is the ten thousands digit of 12470219?
7
What is the hundred thousands digit of 566306292?
3
What is the ten millions digit of 131829364?
3
What is the hundreds digit of 4451631864?
8
What is the ten thousands digit of 64333445?
3
What is the ten millions digit of 49725419?
4
What is the millions digit of 1066217871?
6
What is the thousands digit of 109461545?
1
What is the hundred thousands digit of 38572238?
5
What is the thousands digit of 228374655?
4
What is the hundred millions digit of 124268603?
1
What is the tens digit of 217294746?
4
What is the tens digit of 4095069266?
6
What is the ten thousands digit of 468441778?
4
What is the millions digit of 2149587?
2
What is the hundreds digit of 66520162?
1
What is the hundred thousands digit of 22098420?
0
What is the hundreds digit of 8001475257?
2
What is the hundreds digit of 4673630907?
9
What is the hundred thousands digit of 36206802?
2
What is the hundred thousands digit of 3643656003?
6
What is the ten thousands digit of 32532408?
3
What is the thousands digit of 2864387018?
7
What is the hundred thousands digit of 99641744?
6
What is the units digit of 1962373198?
8
What is the thousands digit of 189137664?
7
What is the tens digit of 88149956?
5
What is the hundreds digit of 353326893?
8
What is the hundreds digit of 104997027?
0
What is the hundred thousands digit of 655372542?
3
What is the hundred thousands digit of 138599?
1
What is the hundreds digit of 513889049?
0
What is the tens digit of 16159911?
1
What is the ten thousands digit of 2118876228?
7
What is the hundred millions digit of 126594018?
1
What is the hundred millions digit of 3670500133?
6
What is the hundred millions digit of 4722417898?
7
What is the hundred thousands digit of 69397810?
3
What is the hundreds digit of 419578221?
2
What is the hundred thousands digit of 1374800400?
8
What is the hundred millions digit of 655161495?
6
What is the ten thousands digit of 330088708?
8
What is the tens digit of 199896623?
2
What is the millions digit of 36524117?
6
What is the hundred millions digit of 3031139046?
0
What is the ten millions digit of 7042411170?
4
What is the units digit of 186666624?
4
What is the ten millions digit of 875748745?
7
What is the hundreds digit of 8623659407?
4
What is the millions digit of 36472499?
6
What is the billions digit of 1687608394?
1
What is the ten thousands digit of 9248062?
4
What is the hundred millions digit of 2384025995?
3
What is the ten millions digit of 58522885?
5
What is the tens digit of 353446645?
4
What is the ten thousands digit of 341030731?
3
What is the thousands digit of 5291335977?
5
What is the hundreds digit of 10024583?
5
What is the millions digit of 14958050?
4
What is the tens digit of 34314708?
0
What is the ten thousands digit of 20554449?
5
What is the millions digit of 87860737?
7
What is the millions digit of 1356116341?
6
What is the ten thousands digit of 3804810533?
1
What is the thousands digit of 44354997?
4
What is the hundreds digit of 98157183?
1
What is the hundred thousands digit of 46184294?
1
What is the millions digit of 9809732?
9
What is the hundreds digit of 384197398?
3
What is the ten thousands digit of 1325967101?
6
What is the hundred millions digit of 379422007?
3
What is the hundred millions digit of 149147006?
1
What is the tens digit of 3638925269?
6
What is the ten thousands digit of 2143440334?
4
What is the hundred thousands digit of 268383681?
3
What is the thousands digit of 94938381?
8
What is the millions digit of 23811183?
3
What is the ten thousands digit of 7102152056?
5
What is the hundreds digit of 15796476?
4
What is the ten thousands digit of 321376844?
7
What is the thousands digit of 117868967?
8
What is the ten millions digit of 338629751?
3
What is the thousands digit of 1656886125?
6
What is the ten thousands digit of 15901787?
0
What is the units digit of 34498261?
1
What is the hundreds digit of 11029951?
9
What is the units digit of 409922598?
8
What is the tens digit of 454104822?
2
What is the ten thousands digit of 54507844?
0
What is the ten millions digit of 2026180330?
2
What is the millions digit of 1782681663?
2
What is the ten millions digit of 309718128?
0
What is the hundreds digit of 269167037?
0
What is the millions digit of 17599287?
7
What is the units digit of 449722604?
4
What is the thousands digit of 27732974?
2
What is the billions digit of 3873640972?
3
What is the thousands digit of 4586319446?
9
What is the tens digit of 1455871792?
9
What is the hundreds digit of 103659280?
2
What is the hundred millions digit of 4108247548?
1
What is the thousands digit of 132416161?
6
What is the units digit of 546031607?
7
What is the thousands digit of 187848711?
8
What is the hundred thousands digit of 230173574?
1
What is the millions digit of 83541650?
3
What is the units digit of 16171761?
1
What is the tens digit of 3376025353?
5
What is the thousands digit of 38875667?
5
What is the units digit of 22970937?
7
What is the billions digit of 1353183659?
1
What is the units digit of 1165032832?
2
What is the thousands digit of 879091179?
1
What is the millions digit of 1738854311?
8
What is the millions digit of 174587687?
4
What is the units digit of 1141715205?
5
What is the tens digit of 17955699?
9
What is the hundred millions digit of 1145852240?
1
What is the units digit of 9471068?
8
What is the tens digit of 106311235?
3
What is the units digit of 1423431594?
4
What is the ten millions digit of 108325998?
0
What is the millions digit of 819960981?
9
What is the ten thousands digit of 186756684?
5
What is the thousands digit of 5122106322?
6
What is the hundreds digit of 360259650?
6
What is the units digit of 59638477?
7
What is the hundred thousands digit of 5044525?
0
What is the ten millions digit of 308241894?
0
What is the units digit of 1715626384?
4
What is the units digit of 111277723?
3
What is the thousands digit of 7311877?
1
What is the tens digit of 42515182?
8
What is the millions digit of 894907646?
4
What is the ten thousands digit of 170571640?
7
What is the hundred thousands digit of 4404588381?
5
What is the ten thousands digit of 4731023240?
2
What is the hundreds digit of 3256099368?
3
What is the units digit of 3070351851?
1
What is the hundred thousands digit of 18341314?
3
What is the tens digit of 1517761?
6
What is the hundreds digit of 5448916243?
2
What is the hundred thousands digit of 100530147?
5
What 